What is 1 - (1 + (1 - -1))?
-2
Calculate (-44 - -47) + (3 - 10).
-4
Calculate 2 - ((5 - 0) + -7).
4
Calculate -12 - (-5 - 0) - -9.
2
What is the value of -1 + 5 + -17 + 10?
-3
Calculate 9 + 2 + -9 + 6 + -2.
6
Calculate 1 + 5 + -5 + 3.
4
What is the value of -1 - (1 - 1) - 3?
-4
What is 4 + -1 + -2 - 3 - -3?
1
What is the value of 16 + -14 + (-1 - -1)?
2
Calculate -2 + (-4 - -6 - -5) + 3.
8
Evaluate 11 - ((6 + -4 - -11) + -6).
4
What is the value of (0 - -10) + -13 + 18 + -12?
3
Evaluate 1 - 1 - (-10 + 14).
-4
What is the value of 4 + (2 + -5 - 1) - 3?
-3
-1 - ((3 - -1) + -23 + 17)
1
Evaluate (14 - 2) + -8 + -1.
3
13 + -8 + -4 + -5
-4
Evaluate (-4 - (-2 + -3 + -2)) + -9.
-6
-3 - (4 - -3 - 13)
3
3 - 1 - -2 - 7
-3
(-1 - -6) + 1 + -1
5
Calculate (1 - 4) + 2 - 3.
-4
Evaluate -2 + 2 + 9 + -8.
1
What is (-1 - 1 - (2 + -4)) + -4?
-4
Evaluate (3 - 4) + 2 - (-16 - -10).
7
What is the value of -3 + 0 - ((-2 - -5) + -6)?
0
Calculate 1 + 0 + (0 - -1 - -2).
4
What is the value of 13 - (9 + (9 - 14))?
9
Evaluate (4 - 6) + -2 + 2.
-2
8 + -7 - 3 - -7
5
-7 - ((7 - 2) + -7)
-5
What is -4 + (2 - (3 - (-2 - -4)))?
-3
Calculate -2 + 2 - (4 + -6 + -2).
4
Calculate -4 + ((4 - 6) + 2 - 0).
-4
Calculate -5 - (0 + -3 + -5).
3
4 + 5 + -9 + -5
-5
-10 + (-4 - -19) + (3 - 11)
-3
-2 + (0 - (-1 + -2)) + 3
4
What is -3 + (-3 - (-4 + 2))?
-4
What is 38 - 36 - (0 - 1)?
3
(9 - 3) + -1 + -1
4
What is the value of -7 - (7 + (3 - 9))?
-8
-4 - (3 - 6) - 2
-3
What is the value of -1 + -1 + -4 - -4?
-2
What is -1 + -7 + (-1 - -8)?
-1
-4 + (-3 - (-4 - 0))
-3
Calculate (1 - -7) + -47 + 33.
-6
What is the value of 1 + 0 - (-8 - -7) - 2?
0
What is the value of (0 - 1 - (-2 + 0)) + 2?
3
What is (5 - ((-5 - -3) + 5)) + -3?
-1
Evaluate 8 + 2 + (1 + -2 - 6).
3
-13 + (2 - -5) + 4
-2
What is the value of (-4 - 1) + (20 - 19)?
-4
What is 1 + (-4 + 8 - 4)?
1
1 + (9 - 3) - (4 + -2)
5
Evaluate (-2 - 0) + 2 + 5.
5
-13 - (8 - 14) - -13
6
Evaluate 2 - (3 - 8) - 2.
5
What is the value of -4 - 4 - (4 + -2 + -12)?
2
Calculate (0 - -2) + (90 - 86).
6
What is (1 - (2 - -1)) + -4?
-6
Evaluate 2 + 3 - (-14 + 19).
0
-1 + 2 + (2 - 2 - 1)
0
What is 0 - (-5 + 5 + 0)?
0
(-1 - -1) + 4 + -1
3
What is the value of (6 + 1 - (-53 + 59)) + -4?
-3
Evaluate -1 + -3 + 2 + (-5 - -15).
8
Evaluate -71 + 69 - (0 - 2).
0
(2 + -3 - 1) + 4 + -7
-5
Calculate 11 - 16 - (-6 + 3).
-2
Evaluate (0 - 6) + -2 - -5.
-3
What is the value of 0 - (0 + -7) - (4 - -1)?
2
Calculate -3 + -6 + 8 + -2.
-3
Calculate 1 - 5 - -3 - 0.
-1
What is 4 - (-1 + -9 + 19)?
-5
Evaluate 0 + -2 + -5 + 3 + 0.
-4
0 - (2 - (2 - -2))
2
What is the value of -3 - ((-7 - -7 - 6) + 10)?
-7
Evaluate -8 - (-3 - -1 - (-2 - -4)).
-4
Calculate -7 + (-11 - (-11 + 3)).
-10
Evaluate (5 + (-4 - 2) - 3) + 9.
5
Calculate 3 + -1 + 3 + -11 + 10.
4
What is 1 + (-10 - -10) + -1 + -2?
-2
What is the value of -7 + -2 - -3 - (-30 - -15)?
9
Calculate -14 + 10 + 18 + -6.
8
4 + (10 - 1) + -7
6
Evaluate -4 - -2 - (-15 - -13).
0
What is the value of 0 + (5 - (4 - -4))?
-3
What is -4 + -6 - (2 + -11)?
-1
Evaluate 5 + -1 - (5 + -4 + 0).
3
-1 + 1 - (-15 + 33 + -14)
-4
4 + (3 + -3 - 2 - 0)
2
Evaluate -4 - ((4 - 3) + -3).
-2
What is the value of 2 + -1 - (11 + -22 - -17)?
-5
2 - 2 - (-5 - -7)
-2
What is the value of 3 + (-7 - 0) - (0 + -1)?
-3
What is the value of 2 + -5 + 10 - 0?
7
What is 3 - (2 + -1 - (4 + -3))?
3
(0 - -4) + 16 + -24
-4
Evaluate (-116 - -125) + -1 + -8.
0
8 - 2 - 3 - (2 - -4)
-3
Calculate 15 + (-21 - -7 - -5).
6
What is the value of (-1 - -6) + 0 + -1?
4
What is the value of -4 + (-2 - 0) - -4?
-2
Calculate (-2 - -1) + -2 - (-15 - -18).
-6
What is the value of (-1 - 7) + 7 - (1 - 2)?
0
What is the value of -2 + (-19 - -23) + (-8 - -1)?
-5
Evaluate 6 - (10 + -11) - -1.
8
Evaluate -1 + 7 + -8 + -3.
-5
Calculate 19 - (-9 + 18 - -3).
7
Calculate 2 + 9 + -10 - (-2 + 0).
3
Calculate 10 + -11 + 4 + -5.
-2
Evaluate (-3 - 0) + (23 - 15).
5
Calculate 27 + -21 - (9 + 0).
-3
What is the value of 6 + 7 + (-8 - (-1 - 0))?
6
Evaluate -2 + (27 - 14) - 13.
-2
Evaluate -11 - ((-1 - 12) + (49 - 43)).
-4
4 - 3 - 5 - (-1 + -3)
0
Calculate -4 - (-16 - (6 + -10)).
8
What is the value of 4 + -5 + -2 + 4 + -4?
-3
What is the value of 0 - -4 - (0 + 1 + 0)?
3
What is 4 + (3 - 5) + -4?
-2
Calculate 1 - -1 - (3 - 6).
5
What is the value of 2 + ((6 - 4) + -4 - 1)?
-1
What is the value of (3 - 4) + -3 - -5?
1
What is the value of 8 - (-3 + 6) - (-2 + 6)?
1
What is the value of -1 - (-5 + 0) - 4?
0
What is the value of -3 - 0 - (-9 + 5)?
1
What is -7 + (-6 - (-21 + 0)) + -4?
4
What is 8 + (0 - -1) + -59 + 55?
5
What is the value of (-1 + -3 + 16 - 4) + -3?
5
Evaluate (-4 - 3) + 1 + 4 + -3.
-5
Calculate 1 + 6 + -2 + -2.
3
Evaluate -2 - (3 + 6 + -6 - -2).
-7
Calculate (3 + 1 - 1) + 0.
3
What is the value of -4 + -1 + 3 + 2?
0
What is the value of -6 - (-14 + 17 - (-1 - -5))?
-5
Calculate 3 + 5 - (-7 + 8).
7
-6 - (5 + -4 + (-2 - 2))
-3
-9 - (-7 - 4) - -1
3
Evaluate (18 - 17) + (0 - (-1 - -8)).
-6
What is the value of (5 - (-1 + 5 - -1)) + -1?
-1
Calculate 8 + -3 + -4 + -1 + -3.
-3
Calculate -1 + (4 + -5 - -2).
0
What is the value of -14 + (16 - 14) - -23?
11
What is (-1 + 2 - 0) + 3 + -5?
-1
What is -22 + 25 + (1 - (-2 + 4))?
2
What is 1 + -1 - -1 - (-3 - -6)?
-2
Evaluate 4 + (0 + -4 - 0).
0
Calculate -2 - 8 - (-29 - -12).
7
What is the value of -5 + (7 - 13) - -6?
-5
Calculate 0 + 6 + 18 + -19 - 0.
5
5 + -6 - -7 - 1 - 11
-6
What is the value of (-3 - 0) + (-9 - -11)?
-1
Evaluate 1 - (10 - 4 - 5).
0
What is -2 + 2 + (7 - 4)?
3
What is the value of 4 + (-39 + 45 - (6 + 0))?
4
What is (-8 - (-4 - -5)) + 7?
-2
Calculate 0 + 4 + -1 + -4.
-1
Calculate 371 + -365 + (0 + -1 - -3).
8
(-1 - -4) + (-4 - (-15 + 11))
3
What is 6 - (0 + 9 - 6)?
3
5 - 0 - (-8 + -2 + 13)
2
Evaluate (-13 - (1 + -8)) + (11 - 0).
5
What is the value of 1 + -1 - ((9 - 8) + 2)?
-3
What is 5 + -15 + (-7 - (-1 - 5))?
-11
What is 0 - -6 - (-5 + 8)?
3
Evaluate -1 + ((-3 - -2) + 0 - -1).
-1
What is 2 + -3 - (0 + -2 - 0)?
1
What is the value of 4 + 1 + -4 + 2 + -1?
2
6 + 1 + -2 + 14 + -21
-2
-2 + (13 - 4) + -3
4
What is the value of (0 - 0) + -2 - -10?
8
Calculate 0 + 1 + -5 - (-43 + 45).
-6
What is (-2 - -3) + -3 + 4 - 2?
0
(-4 - (-5 + 5)) + 7
3
What is 5 - 1 - 10 - -8?
2
Calculate (-37 - -39) + (0 - -2).
4
What is the value of 12 - 18 - (-1 + -1 - -1)?
-5
What is -8 + (-9 - -8) + 6?
-3
13 - (-9 + 10) - 15
-3
Evaluate 5 - (6 + -1 + 20 + -24).
4
6 - 2 - (2 - (-3 - -2))
1
What is -7 - 0 - (-27 - (-27 + 11))?
4
(0 - 0) + -4 + (8 - 8)
-4
What is the value of (-2 - 5) + 3 - (10 - 12)?
-2
6 + (-1 + 0 - (9 - 1))
-3
Calculate 1 + -6 + 8 + 1 + -9.
-5
Evaluate -1 + 2 + -5 + 5 + -3.
-2
Evaluate -6 + 5 - (10 + -7) - -2.
-2
-5 + -4 + 13 + -5
-1
What is the value of 3 + (6 - 11) - (2 - -5)?
-9
-14 + 8 - (3 - 0) - -5
-4
-9 + (-9 - (-7 + -9))
-2
Evaluate -9 + (7 + -2 - 1).
-5
19 + -25 + 13 + (3 - 1)
9
What is the value of 2 - 7 - (-14 + 4)?
5
-21 + 28 + -3 + (2 - 2)
4
What is 0 - (3 + (0 - -1) - -1)?
-5
Evaluate 2 + 13 + -16 + 4 + -1.
2
-21 + (6 - -7) + 8
0
-1 - 1 - (8 + -12 + 1)
1
(6 - (10 + -5)) + 3
4
Calculate (6 - (21 + -10)) + -2.
-7
Evaluate (10 - (13 - -3)) + (1 - -5).
0
Calculate -4 - (-17 - -9 - -4).
0
What is the value of -3 - (5 + -11 + -1 - -2)?
2
What is the value of -4 + 3 + (0 - -6) + -10?
-5
2 + 3 - (3 + 0 + 5)
-3
Calculate 11 + -5 + (7 + -9 - -2).
6
Evaluate (3 + (-3 - 5) - -7) + -5.
-3
What is the value of 5 + (1 - 1 - (-8 - -9))?
4
-1 - 0 - 0 - 2
-3
Calculate -5 + 5 + -4 - 1.
-5
-1 - 4 - (2 + -6 - -3)
-4
36 - 30 - (3 + 6)
-3
What is (1 - 6) + (-4 - (-12 - 4))?
7
(4 - 0) + (-42 - -39)
1
Evaluate (-7 - (-2 - 2)) + 8 + -2.
3
What is the value of 2 + 1 + -3 - -3?
3
Evaluate 3 + -3 - (2 - (-5 - -2)).
-5
What is -1 - (1 - (-2 + (-3 - -6)))?
-1
Calculate (-10 - (-15 + 6)) + (-9 - -2).
-8
Evaluate 11 + -4 + -2 - -3.
8
Calculate (-5 - (1 + -2)) + 7 + -8.
-5
-5 - 1 - (4 - 11)
1
What is 5 + -8 - -7 - 1?
3
Calculate -1 + (-5 - -8 - 5).
-3
Calculate 7 + (-8 - -8) + -11.
-4
Evaluate 7 + -5 - (2 - 3).
3
-12 - (-10 + (6 - -1))
-9
Evaluate 1 - 6 - (1 - (9 + 1)).
4
Evaluate -4 + 0 + 6 + 3 + 0.
5
What is the value of -186 + 189 + (0 + 1 - 2)?
2
Calculate -2 + -1 - (0 + (2 - 3)).
-2
4 + -4 + 5 + (-1 - 3)
1
-9 + (8 - (-4 - -3))
0
Calculate (3 - -4) + 2 + 1 + -2.
8
C